+ 7*g - 2. Let x(n) = 5*n**2 - 16*n + 6. Let y(d) = s*x(d) + 7*k(d). Give y(-3).
10
Let n(v) = -9800*v - v**2 + 19592*v - 9810*v - 25. Determine n(-17).
-8
Suppose 2*v = 2*z + 8 - 18, 0 = 3*z + 5*v + 1. Let m(d) = -1 - z*d**2 + 2*d**2 - d - 11*d + 16*d. What is m(2)?
3
Let i(c) be the second derivative of c**3/6 + 33*c + 4. Let o(g) = g**3 + 5*g**2 + g - 4. Let s(b) = i(b) - o(b). Give s(-5).
4
Let t(g) = 644 + 5*g - 304 + 2*g + 3*g**2 - 325 + 8*g. What is t(-5)?
15
Let n(s) = -s**2 - s - 4. Let w(h) be the first derivative of 11*h**2/2 + 11*h - 197. Let t be w(-1). Determine n(t).
-4
Let w(k) = 46*k**2 + 19*k + 14. Let d(b) = 11*b**2 + 5*b + 3. Let a(f) = 25*d(f) - 6*w(f). Calculate a(9).
9
Suppose 8*c + 680 - 752 = 0. Let f(a) = -4*a + 30. Determine f(c).
-6
Let g = -100 - -71. Let q(t) = -t**2 - 27*t + 58. Let d be q(g). Let s(u) = u - 1. Calculate s(d).
-1
Let i(t) = 19*t**2 - t + 2. Let x(o) = -7*o**2 - 5*o + 3. Let u be x(-1). Give i(u).
20
Let k(u) be the second derivative of u**3/2 + 27*u**2/2 - 2179*u. What is k(-8)?
3
Let q = 67 + -65. Suppose -12 = -4*p - 4*h, 3*h + 2*h = 15. Suppose -i - 1 = -p*z + 4*z, z = -q*i - 2. Let s(n) = -n**2 + 9. Give s(z).
9
Let c be (72/(-336))/((-1)/(28/72)). Let r(h) be the second derivative of c*h**4 + 17/20*h**5 + 12*h - 1/3*h**3 + 0 + 1/2*h**2. Calculate r(1).
17
Let y(l) = l**3 + 4*l**2 + 2*l + 2. Let v(h) = h + 3 - 5 - 6 - 10. Suppose -2*j = 25 - 53. Let k be v(j). Calculate y(k).
-6
Let h(b) = b**3 - 13*b**2 + 23*b - 18. Suppose u = 74 - 63. Determine h(u).
-7
Let s(w) = w**2 + 83*w + 833. Let t be s(-12). Let p(m) = m**2 + 18*m - 39. Calculate p(t).
-20
Let b(v) = -v**2 + 9*v + 8. Suppose 0*r + f + 3 = r, 3*r = 4*f + 5. Calculate b(r).
22
Let q(l) = -2*l**2 + 14*l - 7. Let w(h) = h**3 - 10*h**2 + 14*h - 129. Let p be w(10). What is q(p)?
-95
Let i(j) = j**3 + 3*j**2 + 2*j + 2. Suppose 5*k = 166 - 176. What is i(k)?
2
Let b(g) = g**3 - 5*g**2 - 4*g - 6. Let y = -16 - -19. Suppose -1 = -w - t + y, -4*t - 2 = w. What is b(w)?
6
Suppose 29 = -2*f - b, 158*b - 156*b - 41 = 5*f. Let n(y) = -y**3 + 11*y**2 - y + 1. Let x(g) = -g**3 - g. Let j(w) = -n(w) + 2*x(w). What is j(f)?
10
Let i(a) = a**2 - a + 2. Let h(b) = -6*b**2 + 28*b + 6. Let y(q) = 3*q**2 - 13*q - 3. Let c(n) = -3*h(n) - 5*y(n). Let j(l) = -c(l) + 4*i(l). Determine j(-10).
-39
Let g(l) = 6*l - 54. Suppose -4*c - 5*h = -20, c + 3*c - 3*h - 52 = 0. Let b be g(c). Let o(i) = -i**2 + 5*i + 6. What is o(b)?
0
Let l(s) = s**3 - 12*s**2 + 10*s + 24. Let a be l(11). Let j(x) = 18*x**2 - 32*x**2 - 6*x + a*x**2 + 2. Let f be -4 - ((1 - 1) + 1). Give j(f).
7
Let w(q) = -303*q + 305*q + 4*q**2 + 20 - 5*q**2 + 4*q**2. What is w(0)?
20
Let n(v) be the second derivative of -v**8/6720 - v**7/840 + v**6/720 + v**5/40 + 28*v**4/3 - 117*v. Let l(f) be the third derivative of n(f). Determine l(-3).
0
Let u(f) = -24*f**2 - f**3 - 4 - 40*f**2 + 3*f + 68*f**2. Let a be 19/(342/60) - (-2)/3. Give u(a).
8
Let z(h) = 16*h - 7. Let p(k) = -k + 1. Let b(u) = -6*p(u) - z(u). Suppose -5*i + 1 + 0 = 3*f, -2*f = -4*i - 8. Determine b(i).
11
Suppose -22*d + 113 = 25. Let i(a) = 6*a - 1 + 636*a**2 - 637*a**2 + d - 2. Determine i(5).
6
Let x be -18 + (3 - 0 - 1/((-7)/14)). Let u(o) = 2*o**2 + 23*o - 30. What is u(x)?
9
Let m(n) = 7*n**2 + 2*n - 17. Let w(p) = -p**2 + 1. Let a(u) = -m(u) - 8*w(u). What is a(6)?
33
Let o(a) be the second derivative of 31*a**3/6 - 3*a**2/2 - 8055*a. What is o(6)?
183
Let r(n) be the first derivative of -n - 171 + 5/2*n**2. What is r(1)?
4
Let x(q) = -q + 3. Suppose 6*z - 5*z = -4*r - 95, -3*r + 3*z = 45. Determine x(r).
25
Let n(r) = 132*r - 3 + 9 - 7*r**2 + 5*r - 133*r + r**3. Give n(5).
-24
Let u be (0 - 8)*88/176 - 38/2. Let k(p) = -p**3 - 22*p**2 + 24*p + 18. What is k(u)?
-5
Let d(w) = -w**3 - w**2 - 2*w + 27. Let s(b) = 2*b**3 - 12*b**2 - 269*b - 15. Let g be s(15). Determine d(g).
27
Let r = -38 + 33. Let x be (-5)/25 + 29/r. Let k(j) = 5 + 17*j**3 - 7*j - 16*j**3 + 7*j**2 + 14*j. Give k(x).
-1
Let r(i) = -3*i - 2 + 1 - 12 + 32. Give r(16).
-29
Let q(d) be the first derivative of -d**3/3 - 5*d**2 + 4*d + 4. Suppose -2*l - 437 = -415. Calculate q(l).
-7
Let y(i) = 2*i**2 + 3*i + 1. Let z be y(-1). Suppose z = -2*d - 8, 0 = -2*o + o + 5*d + 16. Let l be o/18 - 28/36. Let s(h) = -9*h + 1. Calculate s(l).
10
Let w(t) be the third derivative of t**6/120 - 2*t**5/15 + 3*t**4/8 - 2*t**3 - 1433*t**2. Give w(7).
2
Let s(i) be the second derivative of 5*i**3/2 + 120*i**2 + 44*i + 8. Give s(-16).
0
Let j be (7/14)/((-7)/(-280)*-4). Let k(z) be the third derivative of -z**4/24 - 5*z**3/6 + 7*z**2. Determine k(j).
0
Let i be 2 - (-12)/(-7) - 30/(-42). Suppose 2 = z + i. Let y(w) = -26*w + 1. Determine y(z).
-25
Let h(d) be the second derivative of -d**5/12 + d**4/24 - 11*d**3/6 + 4*d. Let m(i) be the second derivative of h(i). Let n = -166 - -167. What is m(n)?
-9
Suppose 0 = -5*c + 3*w + 85 + 139, 5*c - w = 228. Let m = -52 + c. Let n(y) be the first derivative of -y**4/4 - 5*y**3/3 + 4*y**2 + 7*y + 5. Determine n(m).
-5
Let s(m) = m**3 + 5*m**2 + 3*m + 7. Let q(c) = -c**2 + 2*c + 37. Let g be q(-5). Suppose 0*y + g*y - 5 = -3*d, 0 = -y + 2*d - 15. Determine s(y).
-8
Suppose 3*t = 65*t - 128 - 182. Let i(y) = -y**3 + 5*y**2 - 3*y + 27. What is i(t)?
12
Let m = -13 - -13. Let d(h) = -h**3 + 2*h. Let k be d(m). Suppose k = -3*t - 5*y - 29, 4*t = -3*y - 11 - 13. Let i(r) = -r**2 - r. Give i(t).
-6
Let b(n) = n**3 - 2 + 16*n**2 - 2*n - 6*n**2 - 11*n**2 + n. Let c = -12 - 6. Let x = c - -20. Determine b(x).
0
Let u(y) = 2*y + 30. Let t(w) = -7*w - 76. Let k(b) = -3*t(b) - 6*u(b). Give k(-6).
-6
Let g(a) = 20*a**2 + 5*a + 4 - 26*a**2 - a**3 + 14*a**2. Calculate g(9).
-32
Suppose -4*h = -2 + 6. Let w(d) be the second derivative of 4*d**4/3 - d**3/6 - d**2/2 + 1077*d. Determine w(h).
16
Let y(x) = 4*x**2 + 37*x + 121. Let o(n) = 2*n**2 + 19*n + 51. Let q(t) = -5*o(t) + 2*y(t). Calculate q(-11).
-24
Suppose 298 = 153*u - 467. Let n(p) = 17*p - 3. Determine n(u).
82
Let n be (213/(-15) - -3)*1020/408. Let s(l) = -l + 5. Determine s(n).
33
Let d = 49 - 52. Let b be 1290/(-45)*d/2. Let r = b - 47. Let j(s) = s**3 + 5*s**2 + 4*s - 2. What is j(r)?
-2
Let h = -159 - -178. Let x(v) = 8*v + 5*v + 4*v + 4*v + 2 - h*v. What is x(3)?
8
Let h(t) = t**3 - 4*t**2 - 2*t + 6. Let z = -96 + 131. Let c be (7/(-4))/(-3 - z/(-12)). Suppose 6*y = -4*u + y, -c = -u + 4*y. Determine h(u).
21
Let o(x) = -x**2 - 6*x + 3. Suppose 33 + 3 = 12*i. Let b be i/6 + 1/(-2). Suppose 7*y - 5*y + 10 = b. Calculate o(y).
8
Let a(w) = -w - 9*w - 1 + 0 + 9*w. Suppose 5*v = 7 + 13. Suppose -5*s - v*y - 29 = 0, s + 2 = 3*y - 0. What is a(s)?
4
Let q(k) = k**3 + 5*k**2 - 5*k + 5. Let v(a) be the first derivative of 8 + 12*a + 7/3*a**3 + 8*a**2 - 1/4*a**4. Let w be v(9). Determine q(w).
-1
Let w(j) = 3*j**2 + j - 2. Let r(p) = -p**2 + 37*p - 91. Let v be r(31). Let x = v + -97. Determine w(x).
8
Suppose -4*g + 36 = -5*a, -a + 2 - 6 = 0. Suppose -3*p + 2*m = -10, -4*p + 8*p - g*m = 20. Suppose -6*q + 7*q + 4 = p. Let b(c) = -c**2 - c + 2. What is b(q)?
-10
Let r(a) be the second derivative of 0*a**2 + 0 + 1/60*a**5 - 3/8*a**4 + 8/3*a**3 + 15*a. Let m(p) be the second derivative of r(p). What is m(6)?
3
Let i(u) be the first derivative of -2*u**3/3 + 3*u**2/2 + 44*u - 1883. Determine i(-5).
-21
Let c(g) = -g**3 + 4*g**2 + 5*g + 5. Let z = -155 - -175. Let o(p) = p**2 - 16*p - 75. Let a be o(z). Give c(a).
5
Let y(f) = -f**3 - 5*f**2 - 4*f - 1. Suppose -2*d = 10, 4*o + 81 = 14*d - 11*d. Suppose 4*i = -5*i + 189. Let z = i + o. Give y(z).
-7
Let j(k) = 2*k - 3. Let v = -1387 - -1382. Determine j(v).
-13
Let f be ((-14)/4)/((391/(-68))/(-23)). Let w(b) be the second derivative of b**5/20 + 5*b**4/4 + 7*b**3/3 + 7*b**2/2 + 12*b. Determine w(f).
7
Let n(b) = b**2 + 20*b - 52. Let l(m) = 299*m - 6001. Let u be l(20). Determine n(u).
-31
Let a(w) = 3*w + 13. Let d be a(-21). Let b = d + 59. Let g(k) = -k**2 + 13*k - 30. Give g(b).
6
Suppose -28 = -4*k + j, 2*k - 15 = 3*j - 1. Suppose k + 2 = 3*l. Let o(c) = -87*c + 19*c + 66*c + 4*c**2 - 4 - 2*c**2. Determine o(l).
8
Let n(d) be the second derivative of d**5/20 - d**4/2 + 7*d**3/6 + d**2/2 - d. Let h be 3/(27/126) - 9. Give n(h).
11
Let u(w) = 6*w**2 